{"id":679,"date":"2013-11-01T16:07:27","date_gmt":"2013-11-01T16:07:27","guid":{"rendered":"https:\/\/www.united-europe.eu\/ueber-die-initiative\/management\/"},"modified":"2026-01-14T16:59:01","modified_gmt":"2026-01-14T15:59:01","slug":"unser-team","status":"publish","type":"page","link":"https:\/\/www.united-europe.eu\/de\/ueber-uns\/unser-team\/","title":{"rendered":"Gesch\u00e4ftsf\u00fchrung"},"content":{"rendered":"<div class=\"wpb-content-wrapper\">[vc_row][vc_column][vc_column_text css=&#8220;&#8220;]Die Gesch\u00e4ftsf\u00fchrung ist mit der Durchf\u00fchrung der Aktivit\u00e4ten und Projekte von United Europe sowie der Organisation des Vereins betraut. United Europes Programmdirektorin <strong>Dyria Alloussi<\/strong> \u00fcbernimmt kommissarisch alle Aufgaben der Gesch\u00e4ftsf\u00fchrung.[\/vc_column_text][vc_empty_space height=&#8220;40px&#8220;][\/vc_column][\/vc_row][vc_row disable_element=&#8220;yes&#8220;][vc_column][vc_column_text]\n\n\n<div id=\"wpv-view-layout-20707\" class=\"js-wpv-view-layout js-wpv-layout-responsive js-wpv-view-layout-20707\" data-viewnumber=\"20707\" data-pagination=\"{&quot;id&quot;:20707,&quot;query&quot;:&quot;normal&quot;,&quot;type&quot;:&quot;disabled&quot;,&quot;effect&quot;:&quot;fade&quot;,&quot;duration&quot;:500,&quot;speed&quot;:5,&quot;pause_on_hover&quot;:&quot;disabled&quot;,&quot;stop_rollover&quot;:&quot;false&quot;,&quot;cache_pages&quot;:&quot;enabled&quot;,&quot;preload_images&quot;:&quot;enabled&quot;,&quot;preload_pages&quot;:&quot;enabled&quot;,&quot;preload_reach&quot;:1,&quot;spinner&quot;:&quot;builtin&quot;,&quot;spinner_image&quot;:&quot;https:\/\/www.united-europe.eu\/wp-content\/plugins\/toolset-blocks\/embedded\/res\/img\/ajax-loader.gif&quot;,&quot;callback_next&quot;:&quot;&quot;,&quot;manage_history&quot;:&quot;enabled&quot;,&quot;has_controls_in_form&quot;:&quot;disabled&quot;,&quot;infinite_tolerance&quot;:&quot;0&quot;,&quot;max_pages&quot;:0,&quot;page&quot;:1,&quot;base_permalink&quot;:&quot;\/de\/wp-json\/wp\/v2\/pages\/679?wpv_view_count=20707&amp;wpv_paged=WPV_PAGE_NUM&quot;,&quot;loop&quot;:{&quot;type&quot;:&quot;&quot;,&quot;name&quot;:&quot;&quot;,&quot;data&quot;:[],&quot;id&quot;:0}}\" data-permalink=\"\/de\/wp-json\/wp\/v2\/pages\/679?wpv_view_count=20707\">\n\n\t\n\t\n\t\t<strong>No items found<\/strong>\n\t\n<\/div>[\/vc_column_text][\/vc_column][\/vc_row][vc_row gap=&#8220;30&#8243; disable_element=&#8220;yes&#8220;][vc_column width=&#8220;1\/3&#8243; offset=&#8220;vc_col-lg-1\/5 vc_col-md-3&#8243;][vc_single_image image=&#8220;18806&#8243; img_size=&#8220;full&#8220; style=&#8220;vc_box_rounded&#8220;][vc_column_text]\n<h3 id=\"katharina-kaemmerer\">Katharina Kaemmerer<\/h3>\n<p>Programme Director[\/vc_column_text][\/vc_column][vc_column width=&#8220;2\/3&#8243; offset=&#8220;vc_col-lg-4\/5 vc_col-md-9&#8243;][vc_column_text]Kontakt: <a href=\"mailto:rieke.schuees@united-europe.eu\">katharina.kaemmerer@united-europe.eu<\/a>[\/vc_column_text][\/vc_column][\/vc_row][vc_row gap=&#8220;30&#8243; disable_element=&#8220;yes&#8220;][vc_column width=&#8220;1\/3&#8243; offset=&#8220;vc_col-lg-1\/5 vc_col-md-3&#8243;][vc_single_image image=&#8220;18806&#8243; img_size=&#8220;full&#8220; style=&#8220;vc_box_rounded&#8220;][vc_column_text]\n<h3 id=\"katharina-kaemmerer-2\">Katharina Kaemmerer<\/h3>\n<p>Programme Director[\/vc_column_text][\/vc_column][vc_column width=&#8220;2\/3&#8243; offset=&#8220;vc_col-lg-4\/5 vc_col-md-9&#8243;][vc_column_text]Kontakt: <a href=\"mailto:rieke.schuees@united-europe.eu\">katharina.kaemmerer@united-europe.eu<\/a>[\/vc_column_text][\/vc_column][\/vc_row][vc_row][vc_column width=&#8220;1\/3&#8243;][vc_column_text]\n<h3 id=\"dyria-alloussi\">Dyria Alloussi<\/h3>\n<p>Programm-Direktorin[\/vc_column_text][vc_column_text css=&#8220;&#8220;]Kontakt: <a href=\"mailto:info@united-europe.eu\" target=\"_blank\" rel=\"noopener\">info@united-europe.eu<\/a>[\/vc_column_text][\/vc_column][\/vc_row]\n<\/div>","protected":false},"excerpt":{"rendered":"<p>[vc_row][vc_column][vc_column_text css=&#8220;&#8220;]Die Gesch\u00e4ftsf\u00fchrung ist mit der Durchf\u00fchrung der Aktivit\u00e4ten und Projekte von United Europe sowie der Organisation des Vereins betraut. United Europes Programmdirektorin Dyria Alloussi \u00fcbernimmt kommissarisch alle Aufgaben der&hellip;<\/p>\n","protected":false},"author":16,"featured_media":0,"parent":18,"menu_order":5,"comment_status":"closed","ping_status":"closed","template":"","meta":{"_acf_changed":false,"footnotes":""},"class_list":["post-679","page","type-page","status-publish"],"acf":[],"aioseo_notices":[],"_links":{"self":[{"href":"https:\/\/www.united-europe.eu\/de\/wp-json\/wp\/v2\/pages\/679","targetHints":{"allow":["GET"]}}],"collection":[{"href":"https:\/\/www.united-europe.eu\/de\/wp-json\/wp\/v2\/pages"}],"about":[{"href":"https:\/\/www.united-europe.eu\/de\/wp-json\/wp\/v2\/types\/page"}],"author":[{"embeddable":true,"href":"https:\/\/www.united-europe.eu\/de\/wp-json\/wp\/v2\/users\/16"}],"replies":[{"embeddable":true,"href":"https:\/\/www.united-europe.eu\/de\/wp-json\/wp\/v2\/comments?post=679"}],"version-history":[{"count":52,"href":"https:\/\/www.united-europe.eu\/de\/wp-json\/wp\/v2\/pages\/679\/revisions"}],"predecessor-version":[{"id":26068,"href":"https:\/\/www.united-europe.eu\/de\/wp-json\/wp\/v2\/pages\/679\/revisions\/26068"}],"up":[{"embeddable":true,"href":"https:\/\/www.united-europe.eu\/de\/wp-json\/wp\/v2\/pages\/18"}],"wp:attachment":[{"href":"https:\/\/www.united-europe.eu\/de\/wp-json\/wp\/v2\/media?parent=679"}],"curies":[{"name":"wp","href":"https:\/\/api.w.org\/{rel}","templated":true}]}}

Geschäftsführung

<div class="wpb-content-wrapper">[vc_row][vc_column][vc_column_text css=&#8220;&#8220;]Die Geschäftsführung ist mit der Durchführung der Aktivitäten und Projekte von United Europe sowie der Organisation des Vereins betraut. United Europes Programmdirektorin <strong>Dyria Alloussi</strong> übernimmt kommissarisch alle Aufgaben der Geschäftsführung.[/vc_column_text][vc_empty_space height=&#8220;40px&#8220;][/vc_column][/vc_row][vc_row disable_element=&#8220;yes&#8220;][vc_column][vc_column_text]


<div id="wpv-view-layout-20707" class="js-wpv-view-layout js-wpv-layout-responsive js-wpv-view-layout-20707" data-viewnumber="20707" data-pagination="{&quot;id&quot;:20707,&quot;query&quot;:&quot;normal&quot;,&quot;type&quot;:&quot;disabled&quot;,&quot;effect&quot;:&quot;fade&quot;,&quot;duration&quot;:500,&quot;speed&quot;:5,&quot;pause_on_hover&quot;:&quot;disabled&quot;,&quot;stop_rollover&quot;:&quot;false&quot;,&quot;cache_pages&quot;:&quot;enabled&quot;,&quot;preload_images&quot;:&quot;enabled&quot;,&quot;preload_pages&quot;:&quot;enabled&quot;,&quot;preload_reach&quot;:1,&quot;spinner&quot;:&quot;builtin&quot;,&quot;spinner_image&quot;:&quot;https://www.united-europe.eu/wp-content/plugins/toolset-blocks/embedded/res/img/ajax-loader.gif&quot;,&quot;callback_next&quot;:&quot;&quot;,&quot;manage_history&quot;:&quot;enabled&quot;,&quot;has_controls_in_form&quot;:&quot;disabled&quot;,&quot;infinite_tolerance&quot;:&quot;0&quot;,&quot;max_pages&quot;:0,&quot;page&quot;:1,&quot;base_permalink&quot;:&quot;/de/wp-json/wp/v2/pages/679?wpv_view_count=20707&amp;wpv_paged=WPV_PAGE_NUM&quot;,&quot;loop&quot;:{&quot;type&quot;:&quot;&quot;,&quot;name&quot;:&quot;&quot;,&quot;data&quot;:[],&quot;id&quot;:0}}" data-permalink="/de/wp-json/wp/v2/pages/679?wpv_view_count=20707">

	
	
		<strong>No items found</strong>
	
</div>[/vc_column_text][/vc_column][/vc_row][vc_row gap=&#8220;30&#8243; disable_element=&#8220;yes&#8220;][vc_column width=&#8220;1/3&#8243; offset=&#8220;vc_col-lg-1/5 vc_col-md-3&#8243;][vc_single_image image=&#8220;18806&#8243; img_size=&#8220;full&#8220; style=&#8220;vc_box_rounded&#8220;][vc_column_text]
<h3 id="katharina-kaemmerer">Katharina Kaemmerer</h3>
<p>Programme Director[/vc_column_text][/vc_column][vc_column width=&#8220;2/3&#8243; offset=&#8220;vc_col-lg-4/5 vc_col-md-9&#8243;][vc_column_text]Kontakt: <a href="mailto:rieke.schuees@united-europe.eu">katharina.kaemmerer@united-europe.eu</a>[/vc_column_text][/vc_column][/vc_row][vc_row gap=&#8220;30&#8243; disable_element=&#8220;yes&#8220;][vc_column width=&#8220;1/3&#8243; offset=&#8220;vc_col-lg-1/5 vc_col-md-3&#8243;][vc_single_image image=&#8220;18806&#8243; img_size=&#8220;full&#8220; style=&#8220;vc_box_rounded&#8220;][vc_column_text]
<h3 id="katharina-kaemmerer-2">Katharina Kaemmerer</h3>
<p>Programme Director[/vc_column_text][/vc_column][vc_column width=&#8220;2/3&#8243; offset=&#8220;vc_col-lg-4/5 vc_col-md-9&#8243;][vc_column_text]Kontakt: <a href="mailto:rieke.schuees@united-europe.eu">katharina.kaemmerer@united-europe.eu</a>[/vc_column_text][/vc_column][/vc_row][vc_row][vc_column width=&#8220;1/3&#8243;][vc_column_text]
<h3 id="dyria-alloussi">Dyria Alloussi</h3>
<p>Programm-Direktorin[/vc_column_text][vc_column_text css=&#8220;&#8220;]Kontakt: <a href="mailto:info@united-europe.eu" target="_blank" rel="noopener">info@united-europe.eu</a>[/vc_column_text][/vc_column][/vc_row]
</div>

<p>[vc_row][vc_column][vc_column_text css=&#8220;&#8220;]Die Geschäftsführung ist mit der Durchführung der Aktivitäten und Projekte von United Europe sowie der Organisation des Vereins betraut. United Europes Programmdirektorin Dyria Alloussi übernimmt kommissarisch alle Aufgaben der&hellip;</p>
