{"id":32,"date":"2013-09-06T15:25:28","date_gmt":"2013-09-06T15:25:28","guid":{"rendered":"https:\/\/www.united-europe.eu\/?page_id=32"},"modified":"2022-03-15T15:53:22","modified_gmt":"2022-03-15T14:53:22","slug":"mission-statement","status":"publish","type":"page","link":"https:\/\/www.united-europe.eu\/de\/ueber-uns\/mission-statement\/","title":{"rendered":"Mission Statement"},"content":{"rendered":"<figure id=\"attachment_21412\" aria-describedby=\"caption-attachment-21412\" style=\"width: 451px\" class=\"wp-caption alignleft\"><img loading=\"lazy\" decoding=\"async\" class=\" wp-image-21412\" src=\"https:\/\/www.united-europe.eu\/wp-content\/uploads\/2022\/03\/1-1-800x566.png\" alt=\"\" width=\"451\" height=\"319\" srcset=\"https:\/\/www.united-europe.eu\/wp-content\/uploads\/2022\/03\/1-1-800x566.png 800w, https:\/\/www.united-europe.eu\/wp-content\/uploads\/2022\/03\/1-1-1160x821.png 1160w, https:\/\/www.united-europe.eu\/wp-content\/uploads\/2022\/03\/1-1-120x85.png 120w, https:\/\/www.united-europe.eu\/wp-content\/uploads\/2022\/03\/1-1-90x64.png 90w, https:\/\/www.united-europe.eu\/wp-content\/uploads\/2022\/03\/1-1-320x227.png 320w, https:\/\/www.united-europe.eu\/wp-content\/uploads\/2022\/03\/1-1-560x397.png 560w, https:\/\/www.united-europe.eu\/wp-content\/uploads\/2022\/03\/1-1-633x448.png 633w, https:\/\/www.united-europe.eu\/wp-content\/uploads\/2022\/03\/1-1-141x100.png 141w, https:\/\/www.united-europe.eu\/wp-content\/uploads\/2022\/03\/1-1-220x156.png 220w, https:\/\/www.united-europe.eu\/wp-content\/uploads\/2022\/03\/1-1-240x170.png 240w, https:\/\/www.united-europe.eu\/wp-content\/uploads\/2022\/03\/1-1-180x127.png 180w, https:\/\/www.united-europe.eu\/wp-content\/uploads\/2022\/03\/1-1-640x453.png 640w, https:\/\/www.united-europe.eu\/wp-content\/uploads\/2022\/03\/1-1-1120x793.png 1120w, https:\/\/www.united-europe.eu\/wp-content\/uploads\/2022\/03\/1-1-1266x896.png 1266w, https:\/\/www.united-europe.eu\/wp-content\/uploads\/2022\/03\/1-1-282x200.png 282w, https:\/\/www.united-europe.eu\/wp-content\/uploads\/2022\/03\/1-1-440x312.png 440w, https:\/\/www.united-europe.eu\/wp-content\/uploads\/2022\/03\/1-1.png 1418w\" sizes=\"auto, (max-width: 451px) 100vw, 451px\" \/><figcaption id=\"caption-attachment-21412\" class=\"wp-caption-text\">Gr\u00fcndungsversammlung des Vorstandes von United Europe: Baroness Jay of Paddington, Christoph Rie\u00df, Bettina Vestring, J\u00fcrgen Gro\u00dfmann, Walter Schlebusch, Wolfgang Sch\u00fcssel<\/figcaption><\/figure>\n<p>Europa ist ein wunderbarer Ort zum Leben und zum Arbeiten, es ist unser Zuhause, unser Platz f\u00fcr Familie, Freunde und Partner.<\/p>\n<p>Die Europ\u00e4ische Union steht f\u00fcr ein Leben in Frieden, Freiheit und Wohlstand. Werte, die von vielen B\u00fcrgern als selbstverst\u00e4ndlich hingenommen werden, tats\u00e4chlich aber, wie die aktuellen Ereignisse in der Ukraine zeigen, stets verteidigt und diskutiert werden m\u00fcssen.<\/p>\n<p>Hier suchen wir, eine Gruppe von europ\u00e4ischen Unternehmern, Politikern und Analysten nach neuen Ideen und stellen Europa-Skeptikern unsere Vorschl\u00e4ge und \u00dcberzeugungen entgegen. Wir sind f\u00fcr die Einheit Europas, weil wir davon \u00fcberzeugt sind, dass in diesem Zeitalter der Globalisierung die Nationen Europas zusammenstehen m\u00fcssen. Wir brauchen Europa, um unsere freiheitliche und demokratische Ordnung zu sichern und unsere liberale Wirtschaft- und Gesellschaftsordnung zu erhalten. Aber wir wollen kein Europa, das mit seiner Regelungswut die Freiheiten der B\u00fcrger, die Entfaltung der Wirtschaft und die nationalen Eigenst\u00e4ndigkeiten erstickt. Unser Europa soll die Vielfalt seiner V\u00f6lker und Kulturen als St\u00e4rke und kreativen Wachstumsmotor begreifen.<\/p>\n<p>Um die Glaubw\u00fcrdigkeit Europas und die V\u00f6lkerverst\u00e4ndigung zu f\u00f6rdern, wollen wir den Blick f\u00fcr das Wesentliche sch\u00e4rfen und auf relevante europ\u00e4ische Themen fokussieren. Wier sind fest davon \u00fcberzeugt, dass sich Europas Glaubw\u00fcrdigkeit in den kommenden Jahren an folgender Frage beweisen muss: Gelingt es uns, Grundz\u00fcge einer gemeinsamen europ\u00e4ischen Identit\u00e4t zu entwickeln? K\u00f6nnen die europ\u00e4ischen Staaten trotz unterschiedlicher Interessen an einem Strang ziehen und allen Europ\u00e4ern ein gemeinsames Zuhause bieten? Hier wollen wir mit unseren Projekten auch die j\u00fcngere Generation f\u00fcr die Idee eines geeinten, wettbewerbsf\u00e4higen und liberalen Europas gewinnen.<\/p>\n<p>Wir sind keine Lobby und vertreten keine wirtschaftlichen oder politischen Einzelinteressen. United Europe ist eine kleine, schlanke Organisation, die sich darauf konzentriert, \u00fcberzeugende Projektideen zu entwickeln, das Zusammenwirken von Politikern, Analysten und Unternehmern zu organisieren und die daraus resultierenden Vorschl\u00e4ge zusammenzufassen und publik zu machen., Bei der Auswahl unserer Projekte achten wir auf den Mehrwert, den die unternehmerische Perspektive erbringen kann.<\/p>\n<p>United Europe wird gebraucht, weil es Zeit ist, dass sich die Europ\u00e4er gegen den anti-europ\u00e4ischen Zeitgeist stellen \u2013 nicht zur Verteidigung des Status Quo, sondern, um f\u00fcr alle Europ\u00e4er ein friedliches, besseres und gemeinsames Haus zu errichten.<\/p>\n<p>&nbsp;<\/p>\n<p>&nbsp;<\/p>\n<p>&nbsp;<\/p>\n","protected":false},"excerpt":{"rendered":"<p>Europa ist ein wunderbarer Ort zum Leben und zum Arbeiten, es ist unser Zuhause, unser Platz f\u00fcr Familie, Freunde und Partner. Die Europ\u00e4ische Union steht f\u00fcr ein Leben in Frieden,&hellip;<\/p>\n","protected":false},"author":16,"featured_media":0,"parent":18,"menu_order":1,"comment_status":"closed","ping_status":"closed","template":"","meta":{"_acf_changed":false,"footnotes":""},"class_list":["post-32","page","type-page","status-publish"],"acf":[],"aioseo_notices":[],"_links":{"self":[{"href":"https:\/\/www.united-europe.eu\/de\/wp-json\/wp\/v2\/pages\/32","targetHints":{"allow":["GET"]}}],"collection":[{"href":"https:\/\/www.united-europe.eu\/de\/wp-json\/wp\/v2\/pages"}],"about":[{"href":"https:\/\/www.united-europe.eu\/de\/wp-json\/wp\/v2\/types\/page"}],"author":[{"embeddable":true,"href":"https:\/\/www.united-europe.eu\/de\/wp-json\/wp\/v2\/users\/16"}],"replies":[{"embeddable":true,"href":"https:\/\/www.united-europe.eu\/de\/wp-json\/wp\/v2\/comments?post=32"}],"version-history":[{"count":26,"href":"https:\/\/www.united-europe.eu\/de\/wp-json\/wp\/v2\/pages\/32\/revisions"}],"predecessor-version":[{"id":21458,"href":"https:\/\/www.united-europe.eu\/de\/wp-json\/wp\/v2\/pages\/32\/revisions\/21458"}],"up":[{"embeddable":true,"href":"https:\/\/www.united-europe.eu\/de\/wp-json\/wp\/v2\/pages\/18"}],"wp:attachment":[{"href":"https:\/\/www.united-europe.eu\/de\/wp-json\/wp\/v2\/media?parent=32"}],"curies":[{"name":"wp","href":"https:\/\/api.w.org\/{rel}","templated":true}]}}

<figure id="attachment_21412" aria-describedby="caption-attachment-21412" style="width: 451px" class="wp-caption alignleft"><img loading="lazy" decoding="async" class=" wp-image-21412" src="https://www.united-europe.eu/wp-content/uploads/2022/03/1-1-800x566.png" alt="" width="451" height="319" srcset="https://www.united-europe.eu/wp-content/uploads/2022/03/1-1-800x566.png 800w, https://www.united-europe.eu/wp-content/uploads/2022/03/1-1-1160x821.png 1160w, https://www.united-europe.eu/wp-content/uploads/2022/03/1-1-120x85.png 120w, https://www.united-europe.eu/wp-content/uploads/2022/03/1-1-90x64.png 90w, https://www.united-europe.eu/wp-content/uploads/2022/03/1-1-320x227.png 320w, https://www.united-europe.eu/wp-content/uploads/2022/03/1-1-560x397.png 560w, https://www.united-europe.eu/wp-content/uploads/2022/03/1-1-633x448.png 633w, https://www.united-europe.eu/wp-content/uploads/2022/03/1-1-141x100.png 141w, https://www.united-europe.eu/wp-content/uploads/2022/03/1-1-220x156.png 220w, https://www.united-europe.eu/wp-content/uploads/2022/03/1-1-240x170.png 240w, https://www.united-europe.eu/wp-content/uploads/2022/03/1-1-180x127.png 180w, https://www.united-europe.eu/wp-content/uploads/2022/03/1-1-640x453.png 640w, https://www.united-europe.eu/wp-content/uploads/2022/03/1-1-1120x793.png 1120w, https://www.united-europe.eu/wp-content/uploads/2022/03/1-1-1266x896.png 1266w, https://www.united-europe.eu/wp-content/uploads/2022/03/1-1-282x200.png 282w, https://www.united-europe.eu/wp-content/uploads/2022/03/1-1-440x312.png 440w, https://www.united-europe.eu/wp-content/uploads/2022/03/1-1.png 1418w" sizes="auto, (max-width: 451px) 100vw, 451px" /><figcaption id="caption-attachment-21412" class="wp-caption-text">Gründungsversammlung des Vorstandes von United Europe: Baroness Jay of Paddington, Christoph Rieß, Bettina Vestring, Jürgen Großmann, Walter Schlebusch, Wolfgang Schüssel</figcaption></figure>
<p>Europa ist ein wunderbarer Ort zum Leben und zum Arbeiten, es ist unser Zuhause, unser Platz für Familie, Freunde und Partner.</p>
<p>Die Europäische Union steht für ein Leben in Frieden, Freiheit und Wohlstand. Werte, die von vielen Bürgern als selbstverständlich hingenommen werden, tatsächlich aber, wie die aktuellen Ereignisse in der Ukraine zeigen, stets verteidigt und diskutiert werden müssen.</p>
<p>Hier suchen wir, eine Gruppe von europäischen Unternehmern, Politikern und Analysten nach neuen Ideen und stellen Europa-Skeptikern unsere Vorschläge und Überzeugungen entgegen. Wir sind für die Einheit Europas, weil wir davon überzeugt sind, dass in diesem Zeitalter der Globalisierung die Nationen Europas zusammenstehen müssen. Wir brauchen Europa, um unsere freiheitliche und demokratische Ordnung zu sichern und unsere liberale Wirtschaft- und Gesellschaftsordnung zu erhalten. Aber wir wollen kein Europa, das mit seiner Regelungswut die Freiheiten der Bürger, die Entfaltung der Wirtschaft und die nationalen Eigenständigkeiten erstickt. Unser Europa soll die Vielfalt seiner Völker und Kulturen als Stärke und kreativen Wachstumsmotor begreifen.</p>
<p>Um die Glaubwürdigkeit Europas und die Völkerverständigung zu fördern, wollen wir den Blick für das Wesentliche schärfen und auf relevante europäische Themen fokussieren. Wier sind fest davon überzeugt, dass sich Europas Glaubwürdigkeit in den kommenden Jahren an folgender Frage beweisen muss: Gelingt es uns, Grundzüge einer gemeinsamen europäischen Identität zu entwickeln? Können die europäischen Staaten trotz unterschiedlicher Interessen an einem Strang ziehen und allen Europäern ein gemeinsames Zuhause bieten? Hier wollen wir mit unseren Projekten auch die jüngere Generation für die Idee eines geeinten, wettbewerbsfähigen und liberalen Europas gewinnen.</p>
<p>Wir sind keine Lobby und vertreten keine wirtschaftlichen oder politischen Einzelinteressen. United Europe ist eine kleine, schlanke Organisation, die sich darauf konzentriert, überzeugende Projektideen zu entwickeln, das Zusammenwirken von Politikern, Analysten und Unternehmern zu organisieren und die daraus resultierenden Vorschläge zusammenzufassen und publik zu machen., Bei der Auswahl unserer Projekte achten wir auf den Mehrwert, den die unternehmerische Perspektive erbringen kann.</p>
<p>United Europe wird gebraucht, weil es Zeit ist, dass sich die Europäer gegen den anti-europäischen Zeitgeist stellen – nicht zur Verteidigung des Status Quo, sondern, um für alle Europäer ein friedliches, besseres und gemeinsames Haus zu errichten.</p>
<p>&nbsp;</p>
<p>&nbsp;</p>
<p>&nbsp;</p>

<p>Europa ist ein wunderbarer Ort zum Leben und zum Arbeiten, es ist unser Zuhause, unser Platz für Familie, Freunde und Partner. Die Europäische Union steht für ein Leben in Frieden,&hellip;</p>
